number?
True
Is 5589541 a prime number?
False
Is 611962931 a prime number?
True
Is 4076002529 a composite number?
False
Is 5832722681 composite?
False
Is 769161493 a prime number?
False
Is 3235998673 composite?
False
Is 2254327709 a composite number?
True
Is 1304164273 a prime number?
True
Is 4253943013 prime?
True
Is 81925689631 a prime number?
True
Is 370317389 prime?
False
Is 5735430781 a prime number?
True
Is 33872029 a composite number?
True
Is 28128381179 prime?
True
Is 2426978537 prime?
True
Is 10345454291 prime?
True
Is 706623217 a prime number?
True
Is 639415433 a prime number?
False
Is 31559966771 composite?
False
Is 191056103567 a composite number?
True
Is 2719353613 prime?
False
Is 8346482951 prime?
True
Is 18818784539 composite?
True
Is 958802287 a composite number?
True
Is 170864931113 prime?
True
Is 6335848963 a composite number?
True
Is 533261699 prime?
False
Is 19699902569 a composite number?
True
Is 4239858611 a composite number?
True
Is 12170468549 composite?
False
Is 3455191937 prime?
True
Is 1140545191 a composite number?
False
Is 120403 prime?
False
Is 414910927 prime?
False
Is 52347587969 a composite number?
True
Is 5243536349 prime?
False
Is 231574233467 a composite number?
False
Is 40662239 a composite number?
False
Is 23766790249 a prime number?
True
Is 2598373733 a prime number?
False
Is 624915959 composite?
False
Is 8742479677 prime?
True
Is 2774387783 a prime number?
True
Is 184386838733 a prime number?
True
Is 178089724517 composite?
False
Is 395138879 a prime number?
True
Is 17448730367 composite?
False
Is 503965831 a composite number?
False
Is 2190533343 prime?
False
Is 19626911 composite?
False
Is 9794312987 composite?
True
Is 3695503741 a prime number?
False
Is 85519220887 a composite number?
True
Is 1329856001 a composite number?
True
Is 6029467903 a composite number?
False
Is 7283103753 a prime number?
False
Is 1309101251 a prime number?
False
Is 2799398929 prime?
True
Is 41155159277 prime?
False
Is 1995402803 composite?
False
Is 1045897597 prime?
False
Is 288605927 a prime number?
False
Is 96829732739 prime?
True
Is 51969658253 a prime number?
True
Is 46994987953 composite?
True
Is 7669537439 a composite number?
False
Is 2280643649 composite?
False
Is 8410001 composite?
False
Is 7051980679 composite?
True
Is 15999489587 composite?
True
Is 103221061171 a composite number?
True
Is 27160212727 a composite number?
False
Is 49223065517 prime?
False
Is 2445616963 a prime number?
True
Is 6459242047 a composite number?
False
Is 1135524463 a composite number?
False
Is 88121293001 a prime number?
False
Is 16459853021 prime?
False
Is 409904434 composite?
True
Is 706381055 composite?
True
Is 4478098663 a prime number?
True
Is 477315109 prime?
True
Is 6459265057 prime?
False
Is 74741042099 a composite number?
False
Is 6440596861 a composite number?
False
Is 340914383 a composite number?
True
Is 433497683 composite?
False
Is 5021983627 a prime number?
False
Is 25143991877 prime?
True
Is 52743566731 a composite number?
False
Is 2208250967 a composite number?
True
Is 211045297 composite?
False
Is 36436803229 a prime number?
False
Is 1706349367 prime?
False
Is 50439461515 composite?
True
Is 554853373 a composite number?
False
Is 69630563 a composite number?
True
Is 566752523 composite?
False
Is 89277027733 composite?
False
Is 1402443269 a prime number?
False
Is 23308223263 a prime number?
False
Is 9097861087 a composite number?
True
Is 2327917537 composite?
True
Is 61181620567 a prime number?
False
Is 89021134745 prime?
False
Is 3593166041 a prime number?
True
Is 20439346033 composite?
True
Is 36113446087 a composite number?
False
Is 56060891 composite?
True
Is 79491444847 composite?
False
Is 2302324853 a prime number?
False
Is 50807836003 a prime number?
False
Is 8873028769 a prime number?
False
Is 3955082357 prime?
False
Is 85023811399 prime?
False
Is 206715137 a composite number?
False
Is 15218981423 composite?
True
Is 5745252917 prime?
False
Is 30898308347 composite?
True
Is 1136666939 a composite number?
False
Is 19740036443 prime?
True
Is 593171783 a composite number?
False
Is 1701435359 a composite number?
True
Is 2291847841 a prime number?
False
Is 827250433 a prime number?
False
Is 6053038217 prime?
False
Is 2083731409 composite?
False
Is 10471183169 a composite number?
False
Is 3819971401 a prime number?
True
Is 7313449373 composite?
False
Is 155214763087 a composite number?
False
Is 17346239143 a composite number?
True
Is 456203900599 a prime number?
True
Is 78730379381 a prime number?
False
Is 9532656587 a prime number?
False
Is 65572477493 a prime number?
True
Is 198612413 a prime number?
True
Is 5385544379 a composite number?
False
Is 243365667 prime?
False
Is 183416057701 a composite number?
False
Is 3340142989 prime?
False
Is 19778734841 a prime number?
True
Is 5297246159 a prime number?
True
Is 4595760257 a composite number?
True
Is 28146745153 a composite number?
False
Is 2584198579 a composite number?
True
Is 50432377 a prime number?
False
Is 114271734145 composite?
True
Is 268932319 a prime number?
True
Is 6707128663 a composite number?
False
Is 159002422522 composite?
True
Is 1774149589 prime?
False
Is 295537523 a composite number?
False
Is 5315850389 prime?
True
Is 102257018735 a prime number?
False
Is 21299172179 prime?
True
Is 3348783359 prime?
True
Is 35758144819 a prime number?
False
Is 177830537 a prime number?
True
Is 166466953 prime?
True
Is 4771009583 a prime number?
True
Is 447480329 composite?
False
Is 1141010723 a composite number?
False
Is 153717989 a prime number?
False
Is 1353200269 composite?
True
Is 16709821 a prime number?
True
Is 251039141317 prime?
False
Is 101239172911 a composite number?
False
Is 341557427 a composite number?
False
Is 32446694009 a prime number?
False
Is 3375856921 a prime number?
False
Is 50981806861 composite?
False
Is 12810736511 composite?
False
Is 3806176579 a prime number?
True
Is 290270303 a composite number?
True
Is 23576836771 a composite number?
False
Is 235211341609 a composite number?
False
Is 167088193 a composite number?
False
Is 189399583 prime?
True
Is 1249824109 a prime number?
True
Is 2244323161 prime?
False
Is 447900007 prime?
True
Is 140575478609 composite?
True
Is 2331913357 composite?
True
Is 11431195367 prime?
True
Is 103421039 a composite number?
False
Is 37816557913 a prime number?
False
Is 24937501487 a composite number?
True
Is 473344961 a composite number?
True
Is 193976762363 prime?
False
Is 39390839 a prime number?
False
Is 26631651022 composite?
True
Is 202055927 composite?
True
Is 1386286943 a prime number?
True
Is 2085152771 composite?
True
Is 206198907 a prime number?
False
Is 115420629203 composite?
True
Is 2046786899 a composite number?
False
Is 103388371 a prime number?
True
Is 894077680105 prime?
False
Is 40560309137 a prime number?
False
Is 85726741987 a composite number?
True
Is 212954837 composite?
False
Is 25187737 prime?
False
Is 5683316987 prime?
False
Is 59461941257 prime?
True
Is 88755981677 prime?
False
Is 35579555483 a composite number?
True
Is 386174359 a prime number?
True
Is 3360651829 composite?
False
Is 2899548829 a composite number?
False
Is 131671931 composite?
False
Is 1775664419 a composite number?
False
Is 4315231829 prime?
True
Is 14230236791 a composite number?
False
Is 89223209 a prime number?
False
Is 3665985107 composite?
True
Is 117256201949 prime?
True
Is 65993737 prime?
False
Is 114235213 a composite number?
False
Is 34974030163 a prime number?
True
Is 1787025119 prime?
False
Is 96025038587 a prime number?
True
Is 18273761527 composite?
True
Is 1120496803 a prime number?
False
Is 21544954681 prime?
False
Is 56032272397 prime?
True
Is 500638949 prime?
False
Is 8953243709 composite?
True
Is 2011841509 composite?
False
Is 8208021287 prime?
False
Is 207881293 a composite number?
True
Is 19505505029 prime?
False
Is 116811361 a composite number?
False
Is 175484497 a prime number?
False
Is 39692368901 prime?
False
Is 22628128121 a composite number?
True
Is 8847615877 a prime number?
True
Is 2256027613 composite?
True
Is 4880176861 a composite number?
True
Is 183447961051 prime?
True
Is 14556022451 composite?
True
Is 14052438541 a composite number?
False
Is 6967589711 a composite number?
False
Is 650347